nder when 442013 is divided by 566?
533
What is the remainder when 25776 is divided by 6354?
360
Calculate the remainder when 1039681 is divided by 1509.
1489
What is the remainder when 617740 is divided by 1067?
1014
What is the remainder when 142261755 is divided by 37?
11
What is the remainder when 28234 is divided by 4531?
1048
Calculate the remainder when 564792 is divided by 6804.
60
What is the remainder when 129447 is divided by 25857?
162
What is the remainder when 1313675 is divided by 1056?
11
What is the remainder when 2259911 is divided by 27?
11
What is the remainder when 861595 is divided by 24601?
560
Calculate the remainder when 36059 is divided by 3034.
2685
What is the remainder when 198551 is divided by 99100?
351
What is the remainder when 45491154 is divided by 15163707?
33
Calculate the remainder when 3048594 is divided by 2564.
2562
Calculate the remainder when 2816292 is divided by 63.
3
What is the remainder when 40983537 is divided by 1951596?
21
Calculate the remainder when 57865 is divided by 13646.
3281
Calculate the remainder when 2796130 is divided by 6327.
5923
Calculate the remainder when 374220 is divided by 277.
270
Calculate the remainder when 172253 is divided by 91.
81
What is the remainder when 7267933 is divided by 27530?
13
What is the remainder when 223309 is divided by 1478?
131
What is the remainder when 660743 is divided by 660639?
104
Calculate the remainder when 70602 is divided by 22743.
2373
Calculate the remainder when 37074501 is divided by 3312.
3285
Calculate the remainder when 5765889 is divided by 350.
339
Calculate the remainder when 477146773 is divided by 4744.
4741
Calculate the remainder when 20201913 is divided by 329.
326
What is the remainder when 137288711 is divided by 866?
865
What is the remainder when 6392587 is divided by 932?
931
What is the remainder when 3410974 is divided by 1216?
94
Calculate the remainder when 1766449 is divided by 2035.
69
Calculate the remainder when 26658597 is divided by 283.
280
What is the remainder when 18256 is divided by 5487?
1795
Calculate the remainder when 89848482 is divided by 446.
444
What is the remainder when 1043938 is divided by 513?
496
What is the remainder when 15584 is divided by 5246?
5092
Calculate the remainder when 85441 is divided by 211.
197
Calculate the remainder when 79346 is divided by 14.
8
What is the remainder when 146888 is divided by 2577?
2576
What is the remainder when 20002164 is divided by 982?
788
What is the remainder when 7814 is divided by 895?
654
What is the remainder when 2551833 is divided by 2795?
2793
What is the remainder when 135520414 is divided by 736?
734
Calculate the remainder when 51318 is divided by 16870.
708
What is the remainder when 124260 is divided by 59319?
5622
What is the remainder when 3669213 is divided by 222?
219
Calculate the remainder when 999233 is divided by 27753.
125
What is the remainder when 139826 is divided by 6653?
113
Calculate the remainder when 33179237 is divided by 6069.
14
What is the remainder when 2967042 is divided by 494507?
0
Calculate the remainder when 940270 is divided by 188052.
10
What is the remainder when 34889111 is divided by 1643?
6
What is the remainder when 76512152 is divided by 235422?
2
What is the remainder when 33246649 is divided by 359?
18
What is the remainder when 195418 is divided by 3312?
10
Calculate the remainder when 3426240 is divided by 1142060.
60
Calculate the remainder when 996819 is divided by 14877.
60
Calculate the remainder when 72114 is divided by 867.
153
Calculate the remainder when 90176 is divided by 28649.
4229
What is the remainder when 10770822 is divided by 3590262?
36
What is the remainder when 4937126 is divided by 2468536?
54
Calculate the remainder when 405338594 is divided by 26.
24
Calculate the remainder when 88581 is divided by 1056.
933
Calculate the remainder when 1140030 is divided by 4401.
171
What is the remainder when 73864 is divided by 8199?
73
What is the remainder when 9909 is divided by 9869?
40
Calculate the remainder when 3450697 is divided by 3450674.
23
What is the remainder when 18580004 is divided by 701?
700
What is the remainder when 337948 is divided by 358?
354
What is the remainder when 719551 is divided by 59?
46
What is the remainder when 108103 is divided by 2455?
83
What is the remainder when 30306896 is divided by 195?
191
Calculate the remainder when 315423 is divided by 3802.
3659
What is the remainder when 56195 is divided by 3582?
2465
What is the remainder when 1485839 is divided by 615?
614
Calculate the remainder when 9256152 is divided by 37.
10
Calculate the remainder when 6672834 is divided by 105918.
0
What is the remainder when 22664841 is divided by 466?
465
What is the remainder when 3316894 is divided by 115?
64
Calculate the remainder when 61422025 is divided by 1616368.
41
What is the remainder when 4832900 is divided by 2416432?
36
What is the remainder when 5808 is divided by 639?
57
Calculate the remainder when 5864946 is divided by 13.
9
Calculate the remainder when 1682680 is divided by 43.
4
What is the remainder when 408629444 is divided by 108?
104
What is the remainder when 1276581 is divided by 225?
156
Calculate the remainder when 1107006 is divided by 12869.
272
Calculate the remainder when 766297 is divided by 63.
28
Calculate the remainder when 422910 is divided by 56.
54
Calculate the remainder when 13720872 is divided by 11021.
10748
Calculate the remainder when 275422683 is divided by 20120.
3
Calculate the remainder when 168245 is divided by 4673.
17
What is the remainder when 489615 is divided by 44?
27
What is the remainder when 3303757 is divided by 42?
37
Calculate the remainder when 4925399 is divided by 44.
39
What is the remainder when 56418715 is divided by 18806228?
31
What is the remainder when 517406 is divided by 129343?
34
What is the remainder when 7404406 is divided by 1234064?
22
What is the remainder when 246099 is divided by 1203?
687
What is the remainder when 5422118 is divided by 3041?
15
Calculate the remainder when 815175397 is divided by 2041.
2038
What is the remainder when 5287127 is divided by 1227?
1211
Calculate the remainder when 4659070 is divided by 41.
35
Calculate the remainder when 667707 is divided by 800.
507
Calculate the remainder when 2242335 is divided by 40020.
1215
Calculate the remainder when 324078 is divided by 162029.
20
Calculate the remainder when 1762606 is divided by 684.
622
Calculate the remainder when 134675 is divided by 660.
35
What is the remainder when 88096 is divided by 648?
616
What is the remainder when 22381 is divided by 396?
205
Calculate the remainder when 807631 is divided by 4462.
9
Calculate the remainder when 3192966 is divided by 8.
6
Calculate the remainder when 30280429 is divided by 74.
73
What is the remainder when 302042 is divided by 3775?
42
What is the remainder when 13162616 is divided by 173?
84
Calculate the remainder when 2717998 is divided by 400.
398
What is the remainder when 84594 is divided by 83205?
1389
Calculate the remainder when 1752780 is divided by 612.
12
Calculate the remainder when 34023587 is divided by 66.
59
What is the remainder when 311495 is divided by 16353?
788
Calculate the remainder when 178492 is divided by 58258.
3718
What is the remainder when 17993994 is divided by 141?
138
What is the remainder when 428066 is divided by 4108?
834
What is the remainder when 609742 is divided by 304788?
166
Calculate the remainder when 190255 is divided by 3459.
10
What is the remainder when 66946 is divided by 2090?
66
What is the remainder when 1613298 is divided by 537757?
27
What is the remainder when 752675 is divided by 83629?
14
What is the remainder when 1120314 is divided by 38?
36
What is the remainder when 201513437 is divided by 3717?
3716
Calculate the remainder when 4814180 is divided by 802306.
344
Calculate the remainder when 46012 is divided by 10866.
2548
What is the remainder when 30083 is divided by 1329?
845
What is the remainder when 193418 is divided by 108?
98
What is the remainder when 248972 is divided by 3265?
832
What is the remainder when 666179 is divided by 106?
75
What is the remainder when 12935084 is divided by 6?
